factor of 1024 and 64?
64
Calculate the highest common factor of 31955 and 70.
35
What is the highest common factor of 88 and 1804?
44
Calculate the highest common factor of 45 and 480.
15
Calculate the greatest common divisor of 12032 and 188.
188
What is the highest common divisor of 108 and 4?
4
Calculate the highest common divisor of 65 and 50.
5
Calculate the greatest common factor of 95 and 1140.
95
What is the greatest common factor of 43 and 4859?
43
What is the highest common factor of 12276 and 124?
124
Calculate the highest common divisor of 1008 and 63.
63
Calculate the highest common factor of 126 and 7.
7
What is the highest common factor of 180 and 3210?
30
What is the greatest common factor of 552 and 264?
24
What is the highest common factor of 222 and 17982?
222
What is the highest common divisor of 544 and 16?
16
Calculate the highest common divisor of 330 and 75.
15
What is the greatest common divisor of 32 and 1376?
32
Calculate the greatest common factor of 62 and 2511.
31
What is the greatest common divisor of 288 and 128?
32
What is the greatest common divisor of 252 and 360?
36
What is the greatest common factor of 2597 and 294?
49
What is the highest common factor of 18318 and 86?
86
What is the greatest common factor of 5 and 20?
5
What is the greatest common factor of 48 and 17856?
48
Calculate the highest common factor of 23 and 299.
23
What is the highest common divisor of 14225 and 25?
25
What is the greatest common factor of 7 and 77?
7
What is the greatest common divisor of 121 and 10109?
11
What is the greatest common divisor of 129 and 172?
43
Calculate the highest common factor of 150 and 435.
15
What is the greatest common factor of 13156 and 138?
46
Calculate the highest common divisor of 55 and 1485.
55
Calculate the greatest common factor of 256 and 32.
32
Calculate the highest common divisor of 14 and 6286.
14
What is the highest common factor of 416 and 13?
13
What is the highest common divisor of 583 and 265?
53
Calculate the highest common factor of 82 and 451.
41
What is the greatest common divisor of 60 and 990?
30
What is the highest common factor of 372 and 15872?
124
Calculate the highest common divisor of 3192 and 2184.
168
Calculate the highest common factor of 1782 and 44.
22
What is the greatest common factor of 3 and 5166?
3
Calculate the highest common factor of 944 and 295.
59
Calculate the greatest common factor of 1073 and 74.
37
Calculate the highest common factor of 616 and 704.
88
What is the greatest common divisor of 78 and 1300?
26
Calculate the greatest common factor of 8246 and 1953.
217
Calculate the greatest common factor of 1794 and 78.
78
Calculate the greatest common factor of 405 and 5.
5
What is the greatest common divisor of 31903 and 61?
61
Calculate the greatest common divisor of 4408 and 290.
58
Calculate the greatest common factor of 250 and 10.
10
What is the greatest common divisor of 3328 and 52?
52
What is the greatest common factor of 112 and 3472?
112
What is the greatest common divisor of 91 and 104?
13
Calculate the highest common factor of 23 and 14835.
23
Calculate the greatest common divisor of 42 and 4053.
21
What is the highest common divisor of 324 and 864?
108
What is the greatest common factor of 2184 and 126?
42
What is the greatest common divisor of 184 and 32?
8
What is the greatest common divisor of 33 and 891?
33
Calculate the highest common factor of 105 and 1225.
35
What is the highest common factor of 348 and 16182?
174
What is the highest common factor of 1275 and 225?
75
What is the highest common factor of 1518 and 198?
66
Calculate the highest common factor of 50 and 15.
5
Calculate the greatest common divisor of 1606 and 73.
73
What is the greatest common factor of 200 and 325?
25
What is the greatest common factor of 115 and 5?
5
Calculate the greatest common factor of 132 and 12.
12
Calculate the greatest common factor of 92 and 65044.
92
What is the highest common factor of 1150 and 184?
46
What is the highest common factor of 43 and 129?
43
What is the greatest common divisor of 708 and 48?
12
Calculate the greatest common factor of 332 and 76.
4
What is the highest common divisor of 147 and 5341?
49
Calculate the greatest common divisor of 2331 and 567.
63
Calculate the greatest common factor of 981 and 63.
9
What is the greatest common factor of 471 and 3?
3
What is the highest common factor of 52 and 39?
13
What is the greatest common divisor of 19 and 56335?
19
Calculate the greatest common factor of 119 and 49.
7
What is the greatest common factor of 18 and 1962?
18
What is the greatest common factor of 530 and 80?
10
What is the greatest common factor of 91 and 91?
91
What is the greatest common divisor of 55 and 55?
55
What is the highest common factor of 8786 and 46?
46
Calculate the highest common divisor of 259 and 7.
7
What is the greatest common factor of 48 and 6672?
48
Calculate the greatest common divisor of 36 and 3768.
12
Calculate the greatest common divisor of 830 and 130.
10
Calculate the highest common divisor of 616 and 440.
88
Calculate the highest common divisor of 46 and 2139.
23
What is the greatest common factor of 80 and 110?
10
Calculate the greatest common factor of 131 and 14279.
131
Calculate the greatest common factor of 3172 and 468.
52
What is the greatest common factor of 90175 and 25?
25
Calculate the highest common factor of 58 and 31813.
29
Calculate the greatest common divisor of 2059 and 142.
71
What is the greatest common divisor of 40 and 4820?
20
Calculate the highest common divisor of 155 and 217.
31
Calculate the highest common factor of 28 and 19663.
7
Calculate the greatest common divisor of 135 and 285.
15
Calculate the highest common divisor of 12 and 852.
12
Calculate the greatest common factor of 17427 and 37.
37
What is the greatest common divisor of 161 and 1393?
7
What is the greatest common divisor of 416 and 288?
32
What is the greatest common divisor of 104 and 6058?
26
Calculate the greatest common factor of 1410 and 60.
30
What is the highest common factor of 1120 and 175?
35
Calculate the greatest common divisor of 731 and 34.
17
Calculate the greatest common factor of 297 and 81.
27
What is the greatest common factor of 4619 and 93?
31
Calculate the highest common factor of 532 and 3325.
133
What is the greatest common factor of 24 and 1?
1
Calculate the greatest common factor of 36 and 306.
18
What is the greatest common divisor of 23 and 7199?
23
Calculate the greatest common divisor of 63 and 32256.
63
What is the greatest common factor of 275 and 2464?
11
Calculate the greatest common divisor of 55 and 66.
11
What is the highest common divisor of 20035 and 5?
5
What is the highest common factor of 68 and 76?
4
Calculate the greatest common factor of 512 and 448.
64
What is the highest common factor of 106 and 265?
53
What is the highest common factor of 48 and 3?
3
What is the highest common divisor of 5217 and 94?
47
What is the greatest common factor of 65 and 42445?
65
What is the highest common factor of 12489 and 138?
69
What is the highest common divisor of 498 and 83?
83
What is the greatest common divisor of 12 and 882?
6
What is the highest common factor of 34 and 578?
34
Calculate the highest common factor of 3117 and 3.
3
Calculate the greatest common divisor of 1824 and 768.
96
Calculate the highest common factor of 5 and 365.
5
What is the greatest common divisor of 2079 and 63?
63
What is the highest common divisor of 833 and 34?
17
Calculate the highest common divisor of 16 and 1112.
8
What is the greatest common factor of 88 and 32?
8
Calculate the greatest common divisor of 204 and 2703.
51
Calculate the highest common divisor of 720 and 59400.
360
Calculate the highest common divisor of 78 and 429.
39
Calculate the greatest common divisor of 93 and 1178.
31
Calculate the highest common factor of 270 and 150.
30
What is the greatest common divisor of 81 and 18?
9
Calculate the highest common factor of 21 and 33.
3
What is the greatest common factor of 200 and 30?
10
What is the greatest common divisor of 165 and 264?
33
What is the greatest common factor of 154 and 11242?
154
Calculate the greatest common factor of 19 and 19627.
19
What is the high